ose -2*k = k - p. Calculate the remainder when 46 is divided by k.
10
Suppose 0 = -4*c + 109 - 21. What is the remainder when 64 is divided by c?
20
What is the remainder when ((-6)/4)/((-6)/172) is divided by 11?
10
Suppose -5*v + 4*v = -8. Calculate the remainder when 11 is divided by v.
3
Let r be 62*(16/(-4))/8. Let y = r - -57. Calculate the remainder when 49 is divided by y.
23
Let i(j) = 4*j - 3. Let y be i(3). Suppose 3*a - y = -0*a. Suppose -5*t + 7 = -a. Calculate the remainder when t is divided by 2.
0
Suppose 122*o = 121*o + 6. What is the remainder when 83 is divided by o?
5
Suppose 0 = -7*q + 3*q + 20. Suppose q*h - 4 = -t + 7, 0 = 4*h + t - 8. Calculate the remainder when 13 is divided by h.
1
What is the remainder when 26 is divided by (40/14)/(4/14)?
6
Suppose 4 = -0*x + x. Suppose -2*l - 3*l + 20 = -5*j, -5*l + 25 = -x*j. Calculate the remainder when 17 is divided by l.
8
Let t(f) = -f**3 + 6*f**2 - f. What is the remainder when 38 is divided by t(5)?
18
Let d = 14 - 6. Let p = 3 + 2. Suppose -4*g = -p*g + 22. Calculate the remainder when g is divided by d.
6
Suppose -38 = -j - 3*a - a, 2*a + 50 = j. Calculate the remainder when j is divided by 12.
10
Let h = -1 - -24. Let v(k) = -k**2 - 7*k + 6. Let w = 4 + -10. Calculate the remainder when h is divided by v(w).
11
Let t be 2/(-8) - (-124)/(-16). Let d = 22 - t. Let i = -8 + d. Calculate the remainder when 64 is divided by i.
20
Let x = -15 + 19. Let i(t) = 2*t**2 + 4*t - 5. Let w = 30 + -15. Calculate the remainder when i(x) is divided by w.
13
Let x = -237 + 337. What is the remainder when x is divided by 26?
22
Calculate the remainder when 95 is divided by (28/(-10))/(4/(-10)).
4
Let x = 28 + -13. Let y = 100 - 56. What is the remainder when y is divided by x?
14
Let c(h) = 10*h + 3. Suppose -2*y + 3*y = 14. What is the remainder when c(5) is divided by y?
11
What is the remainder when 3*(-14)/(-63) - 302/(-6) is divided by 14?
9
Suppose 0 = -6*g + g + 75. Let x = 3 - 9. Calculate the remainder when g is divided by (0 - x) + 2*1.
7
Let g be 0/(-1 + 0 + 0). Suppose g = -0*y + 3*y - 114. Suppose 3*w - 127 = -2*l, -l + y = -4*w - 9. Calculate the remainder when l is divided by 20.
19
Let q(h) = h - 8*h**3 + 2*h**3 + 11*h**3 - 2*h**2 + 8*h**3. Calculate the remainder when 35 is divided by q(1).
11
Let r(t) = -t**3 + 6*t**2 + 8*t + 5. Suppose 0 = 5*v + 3*m - 35, 5*m = -3*v - 0*v + 21. What is the remainder when 47 is divided by r(v)?
11
Let p be (-4)/6*-12*-1. Let v(s) = -2*s - 11. What is the remainder when 17 is divided by v(p)?
2
Let p(o) = -2 - 2 + 5*o - 1. Let h be (-30)/(-5)*2/3. What is the remainder when p(h) is divided by 8?
7
Let s(u) = u**3 - 3*u**2 - 3*u + 4. Let k = -22 - -26. Calculate the remainder when 14 is divided by s(k).
6
Let h = 2 + -6. Let r(w) = -41*w - 1. Let s(t) = -5*t. Let k(u) = 5*r(u) - 40*s(u). What is the remainder when k(h) is divided by 8?
7
Let w = 3 - -11. What is the remainder when w is divided by 6?
2
Suppose 67 = 6*i - 53. Calculate the remainder when 79 is divided by i.
19
What is the remainder when 8 is divided by 3 + (0 - 2/(-1))?
3
Let y(v) = 10*v**2 - 2*v. Let c be y(2). Let z = c - 17. Calculate the remainder when z is divided by 7.
5
Let r = -10 + 25. Calculate the remainder when r is divided by 4 + 0 + -1 + 1.
3
Let d(a) = 2*a**3 - 4*a**2 + 9*a + 6. What is the remainder when d(3) is divided by 20?
11
Suppose 0 = 4*m - 3*m - 5. Suppose 0*x - 3 = 3*r - 3*x, -5*r = 5*x - 25. Suppose -r = -w + 1. What is the remainder when m is divided by w?
2
Suppose -t = -3*y + 3, 0*y + 3*y + t = 9. Suppose 7*w - y*w - 190 = 0. Calculate the remainder when w is divided by 13.
12
Suppose 4*x = 15 + 117. What is the remainder when x is divided by 6?
3
Suppose -3*y + 8 = -22. Suppose 6*x = -4*f + x + 97, 3*x + 65 = 2*f. Calculate the remainder when f is divided by y.
8
Let o be ((-12)/8)/(2/(-4)). Suppose h + o*g - 177 = -h, -5*h - 3*g = -447. Suppose -h = -3*u - 2*u. What is the remainder when 35 is divided by u?
17
Let g = -4 - -48. Calculate the remainder when g is divided by 13.
5
What is the remainder when 45 is divided by (-786)/(-34) - (-12)/(-102)?
22
Suppose k + 0*k = -2. Let p = -2 - k. Suppose -4*j + 0*j + 88 = p. What is the remainder when j is divided by 8?
6
Suppose 5*l + 1094 = -2*a, -3*a - 1634 = -0*a + 4*l. Let y be a/14 - 12/42. Let t = y - -64. What is the remainder when t is divided by 9?
7
Suppose w = -0*w + 31. Calculate the remainder when w is divided by 11.
9
Let b be 14/63 - 464/(-18). Let w = b + -16. Calculate the remainder when w is divided by 4.
2
Suppose 12 = 3*j - 36. Calculate the remainder when 110 is divided by j.
14
Let p = 10 - -20. Suppose 2*c - 18 = -3*i + 2, 12 = 3*i. Suppose 0 = c*j - 12 - 52. Calculate the remainder when p is divided by j.
14
What is the remainder when 27 is divided by (-120)/42*7/(-2)?
7
Let b(v) = -v**3 + 6*v**2 + v - 1. Suppose -7*s + 3*s + 10 = 5*m, -3*m - 2 = 4*s. What is the remainder when 14 is divided by b(m)?
4
Suppose w - j - 73 = 2*j, -2*j = -4*w + 282. What is the remainder when w is divided by 18?
16
Let r = 70 - 19. What is the remainder when r is divided by 18?
15
Let c(o) = -22*o - 1. Let j be c(1). Let l = j + 33. Let i(p) = -p**3 - 3*p**2 - 3*p - 5. What is the remainder when l is divided by i(-3)?
2
Let n = 98 - 18. Let w = 76 - 53. What is the remainder when w is divided by ((-12)/10)/((-12)/n)?
7
What is the remainder when 26 is divided by (42/28)/(1/6)?
8
Suppose 76 = 6*v + 4. What is the remainder when v is divided by 5?
2
Let w(r) = -5*r**3 + 7*r**2 - 11*r + 18. Let f(n) = -n**3 - n**2 + 1. Let c(p) = -4*f(p) + w(p). What is the remainder when 11 is divided by c(10)?
3
Let u(c) = -c**2 - 6*c - 8. Let f be u(-6). Let t = f + 15. Calculate the remainder when t is divided by 5.
2
Let o be 0 + 31*2/(-2). Let i(q) = -q. Let f be i(0). Let x = f - o. What is the remainder when x is divided by 11?
9
Suppose -4*p + p = 0. What is the remainder when (36 - 3) + p - 2 is divided by 16?
15
Suppose 20 = -5*r, 5*n - 29 = -0*n + r. Calculate the remainder when (344/14)/2 - 4/14 is divided by n.
2
Let o(t) = t**2 + 3*t - 6. What is the remainder when 4 is divided by o(2)?
0
Suppose -2*w = -36 - 46. Let z = 14 - 0. What is the remainder when w is divided by z?
13
Suppose -54 + 56 = 2*q. Calculate the remainder when q is divided by ((-2)/(-3))/((-4)/(-6)).
0
Let h(r) = 6*r + 1. Let m(g) = 29*g**2 - 2*g - 1. Let i be m(-1). Calculate the remainder when 1/(-5) + 756/i is divided by h(2).
12
Let o = 24 + -3. Calculate the remainder when o is divided by (-3)/((-27)/102) + (-1)/3.
10
Suppose -3*r + 115 = -26. Calculate the remainder when r is divided by 8.
7
Suppose z + 0*z - 11 = 0. Let r be 6*(-1 + 66/4). Suppose -r = -2*l - l. What is the remainder when l is divided by z?
9
Suppose 5*h = -4*h + 126. Calculate the remainder when 81 is divided by h.
11
Suppose -h + 4*k + 14 = -11, 5*k = 3*h - 47. Suppose 4*v - 3*v - 83 = -5*x, 3*v = 5*x + 229. Calculate the remainder when 2/5 + v/5 is divided by h.
7
Let b = -50 + 75. Calculate the remainder when b is divided by 7.
4
Suppose 0*l = 3*l + 2*g - 56, -2*l - 4*g + 48 = 0. Suppose 12*q - 329 = 5*q. Calculate the remainder when q is divided by l.
15
What is the remainder when 130 is divided by ((-12)/(-8) - 3)*(-18 - 0)?
22
Suppose -a - 2 = -5. Calculate the remainder when 11 is divided by a.
2
Let j be 112/(-21)*(-18)/8. Let o = 30 - j. What is the remainder when 71 is divided by o?
17
Let m = 4 + 7. Suppose m + 7 = 3*u. Calculate the remainder when 22 is divided by u.
4
Suppose 0*o = 3*o - 75. Suppose l - 16 = -3. Calculate the remainder when o is divided by l.
12
Let t = 12 - 1. What is the remainder when 42 is divided by t?
9
Suppose 0*r + 4*b = -3*r + 150, 3*b = 5*r - 279. Calculate the remainder when 213 is divided by r.
51
Let k(s) = 2*s + 4. Let u be k(-2). Suppose u = -j - 3*x + 3, 4*j - 2*x - 77 = -x. Calculate the remainder when j is divided by 10.
8
Let q(j) = 6*j - 1. Suppose 24 = -p + 3*p. Calculate the remainder when p is divided by q(1).
2
Suppose 2*a + 70 = -3*a. Let i = -4 - a. Suppose -2*o - 54 = -5*o. Calculate the remainder when o is divided by i.
8
Suppose -5*s + 85 = 3*m, -4*s + 2*m + 95 = -m. Calculate the remainder when